 -4*q - 10 = -9*q. Let x(n) = n**2 - 2. Let d be x(q). Suppose d*b + 0*y - 5 = y, -3*b + 4*y = -5. What is the units digit of b?
3
Suppose 4*q = c + q - 38, -2*c + 74 = -4*q. What is the tens digit of c?
3
Suppose 12 + 3 = 4*p - 3*w, p - w - 4 = 0. Let m be (p + (-24)/9)*9. Suppose -4*b + 5*z + 38 + 19 = 0, -m*b + 5*z + 44 = 0. What is the units digit of b?
3
Suppose 0 = -4*v + p + 46, 3*p - 20 = -5*v + 29. What is the units digit of v?
1
Let k = 29 + -20. Let h be (0 + 3)*6/k. Suppose h*f = 2*c - 18, 4*c + f - 32 = 6*f. What is the tens digit of c?
1
Suppose 2*v - 5 = 5. Suppose r = -v*x + 27, 0 = 2*x + 2*r - 14. Suppose x*m - 20 = m. What is the units digit of m?
5
Let w be 614/10 - 6/15. Suppose 5*k = 3*f - f + w, -f = -k + 11. What is the tens digit of k?
1
Let k(a) = 8*a - 11. What is the tens digit of k(5)?
2
Let n(r) = r**3 - 2*r**2 + r + 11. What is the units digit of n(7)?
3
Suppose -7*o + 382 = 60. What is the units digit of o?
6
Let i be -14 - -10 - (-1 - 5). Suppose w = 4*w - 21. Suppose -i*k + w = -15. What is the tens digit of k?
1
Suppose 0*y = -y + 27. Suppose -j + 0*j + y = 0. What is the tens digit of j?
2
Suppose 0 = 3*l - 8 + 2. Suppose 0 = -3*k + 4 - 1, 0 = -2*j + 4*k + l. What is the units digit of j?
3
Let m be (-2)/(1 + 8/(-6)). Let c(t) = 4*t**2 - 7 - 2*t + 3*t**2 - 2*t - t**3. What is the units digit of c(m)?
5
Let k(n) = n**2 + 6*n - 4. Let z be k(-7). Suppose 0 = 2*w - 4*g, 2*w - 2*g = -z*w + 16. Suppose -7*b = -w*b - 24. What is the units digit of b?
8
What is the tens digit of 88/(-32)*104/(-2)?
4
Let v be 5 + -5 + (-16)/(-2). What is the units digit of (v/5)/(4/10)?
4
Suppose 5*w = a - 205, -a + 11 = w + 52. Let n = w + 62. What is the tens digit of n?
2
What is the tens digit of 2/(2/10 + (-169)/895)?
7
Let z(v) = -v**3 - 5*v**2 - 2*v - 7. Let t(a) = a**2 + 4*a - 1. Let k be t(3). Suppose 0 = -4*m - 0*m - k. What is the units digit of z(m)?
3
Let a(c) = c**2 - c - 10. What is the tens digit of a(7)?
3
Let g(a) = a**3 - 2*a**2 + 3*a - 1. Let i be g(2). Let w = 5 + i. Suppose -12 = -2*q - 2*d, -2*d + 0*d = -w. What is the units digit of q?
1
Let d(a) = -a**3 - 5*a**2 - 7*a - 6. Let k be d(-4). Let x = 11 - k. What is the units digit of x?
5
Suppose 0 = 5*t + 7 + 13. What is the units digit of 18/24 + (-1)/t?
1
Let l(r) = 6*r - 2*r + r**2 - 3*r - 1. Let p be l(-3). Suppose 4 - 29 = -p*w. What is the units digit of w?
5
Suppose -5*d + 1 + 68 = 3*p, 3*d + 81 = 5*p. What is the tens digit of p?
1
Let k(i) = -29*i**3 + i**2 - i - 1. Let a be k(-1). Let n = a + -15. What is the tens digit of n?
1
Let d(g) = g. Let s be d(2). Suppose -2*w - 4*h = -50, 0 = s*w + 4*h - 9*h - 5. What is the units digit of w?
5
Let v(y) = y**3 + 12*y**2 - 6*y - 28. What is the tens digit of v(-12)?
4
Let t = 457 - 127. What is the tens digit of t?
3
Suppose -r - 2*r = -i + 33, 4*i - 160 = -2*r. What is the units digit of i?
9
Let x(t) = -t**3 + t - 4*t + 2*t**3 + 3. Let u(c) = -c - 1. Let d be u(-3). What is the units digit of x(d)?
5
Let l(v) = -v**3 - 4*v**2 + 4*v - 3. Let m be l(-5). Suppose -q = -3, -m*t + 3*q - 4 = 3*t. Suppose 0*k = k - t. What is the units digit of k?
1
What is the units digit of -22*5/(-30) + 4/(-6)?
3
Suppose 0 = 2*p + 6 - 0, -5*p - 1134 = -3*i. What is the units digit of i?
3
Let t be (-3 - 1)/(4/(-10)). Suppose -12*d = -t*d - 20. What is the tens digit of d?
1
What is the units digit of 15/(((-1)/2)/((-14)/4))?
5
What is the units digit of 746/5 - (-1)/(-5)?
9
Suppose 3*m + f = 36, -m - 1 = -3*f - 13. Suppose -4*o = -76 + m. What is the tens digit of o?
1
Let q(c) = c**3 + 11*c**2 - c + 12. What is the hundreds digit of q(-10)?
1
Let r(c) = c**2 + 9*c - 3. Let m(v) = 3*v**2 + 27*v - 8. Let s(u) = -4*m(u) + 11*r(u). What is the units digit of s(-4)?
9
Suppose 2*p = -c + 288, 2*c + 136 = 4*p - 424. What is the units digit of p?
2
Let l(t) = t**3 - t**2 + t + 2. Suppose 0 = -2*d + 2*u - 4, d + u = -2*d + 2. What is the units digit of l(d)?
2
Let p = -32 + 69. What is the tens digit of p?
3
Let n = 18 - 9. Let p be 48/n*3/2. What is the tens digit of (-98)/(-8) + (-2)/p?
1
Let a be (-2)/5 + (-243)/(-45). Suppose 40 + 30 = a*v. What is the units digit of v?
4
Suppose -c = -3*c. Suppose -5*m - p + 88 = c, m + p - 52 = -2*m. What is the tens digit of m?
1
Let i(a) = 4*a**3 + a**2 + a. Let v be i(-2). Let h be 6/(-5)*v/(-9). Let r(l) = 2*l**2 + 6*l + 1. What is the units digit of r(h)?
9
Let x = -4 - -9. Let v = 6 - 4. Suppose x*p = v*p + 24. What is the units digit of p?
8
Suppose -j + 88 = -2*s + 375, 4*s - 562 = -2*j. What is the hundreds digit of s?
1
Let l(f) = -f. Let c(b) = 5*b + 1. Let k(i) = c(i) + 6*l(i). What is the units digit of k(-15)?
6
Let p(g) be the third derivative of -g**5/60 + g**4/4 - 5*g**3/6 - 4*g**2. Let o be p(5). Let x(q) = -q**2 + 13. What is the units digit of x(o)?
3
Suppose k - 9 = -1. Let i = 2 - 5. Let v = k + i. What is the units digit of v?
5
Let r be (-4 - 1) + (-14)/7. Let l = r + 11. What is the units digit of l?
4
Let i(b) = b**2 - 3*b + 3. What is the units digit of i(3)?
3
Suppose 0*l = 3*l + 6. What is the units digit of ((-1)/(-4))/(l/(-8))?
1
Suppose -220 = -4*n - 64. What is the tens digit of n?
3
What is the units digit of 2/(-8) - 2844/(-48)?
9
Let s be 4/2 + -2 - -33. Suppose 4*k + 3*a = -1, -4*k - 13 = -4*a - s. Suppose 5*w + 2 = 5*t - 3, 4*t - k*w - 14 = 0. What is the units digit of t?
6
Let m(u) = -u - 1. Let y(i) = 2*i**2 - 5. Let c(w) = -2*m(w) + y(w). Let p(b) = -b**3 + 4*b - 3. Let v be p(2). What is the units digit of c(v)?
9
Suppose -5*x = -u + 3*u - 26, 0 = -u + x + 6. What is the units digit of -1 + u/(-4) + 13?
0
Let v(n) = n**2 + 10*n + 7. Let f be v(-9). Let k = -1 - f. What is the tens digit of k - (2*-5 + 0)?
1
Let n(g) = -g**2 + g - 1. Let f be n(0). What is the units digit of 28/8 + f/2?
3
Suppose 4*x = 3*x - 2. Let g be 118/4 - 1/x. Suppose -3*c + v = -33, 3*c + v = g - 3. What is the units digit of c?
0
Suppose -3*g + 29 - 5 = 0. Suppose 4*f - g*f - 16 = 0. Let d = 5 + f. What is the units digit of d?
1
Suppose -2*u + 3*u = 0. Suppose -2*d + q - 5 = u, q + 6 = -5*d - 3*q. What is the units digit of ((1 + -19)/d)/1?
9
Suppose 2*b + 52 = 5*y, 2*b - 3 = 5*b. What is the tens digit of y?
1
Suppose 5*z - 188 = -4*y, -181 + 47 = -4*z + 5*y. Let m = -24 + z. Suppose 0 = 2*c - 12 - m. What is the units digit of c?
2
Let m = -26 + 26. What is the units digit of m - (-1)/2*46?
3
Suppose q = -3*m + 4, -14 - 4 = -3*q - 3*m. What is the units digit of q?
7
Let s = 401 - 142. What is the tens digit of s?
5
Let x(f) be the second derivative of -f**5/20 - 5*f**4/6 - 4*f**3/3 - 3*f**2 - 3*f. Let z be x(-9). What is the units digit of (z + 1)*(-5)/10?
7
Let n = -2 - 0. Let f(v) = -7*v - 3. What is the tens digit of f(n)?
1
Let y = 5 - -1. Suppose y + 20 = v. What is the units digit of v/3*6/4?
3
Let u(g) = 5*g**2 + 12*g - 26. What is the tens digit of u(4)?
0
Let t = -4 + 12. What is the tens digit of (-546)/(-15) - t/20?
3
Let t = -78 + 130. What is the units digit of t?
2
Suppose 3*r - 128 = 22. Let n = 1 + 3. Suppose -4*d + 2*d + 28 = 2*y, -r = -n*y - d. What is the units digit of y?
2
What is the units digit of 1 + (-1 - -10*3)?
0
What is the tens digit of (-425)/(-20) + 2*(-1)/8?
2
Let m(w) be the third derivative of -w**7/5040 + w**6/144 + w**5/20 + 2*w**2. Let l(j) be the third derivative of m(j). What is the units digit of l(-6)?
1
Suppose 20 = -2*w + 3*w. Let x be ((-96)/w)/(1/(-5)). What is the units digit of (1 + 3)*30/x?
5
Suppose -p - 3*p + 16 = 0. Suppose p + 0 = 2*w. What is the units digit of w?
2
Suppose -4*h + 16 = d, -5*d - 4*h + 6 = -10. Suppose 0 = 3*p + t - 2, -5*t = -d*t + 20. Let j = 9 + p. What is the units digit of j?
1
Suppose 0 = 3*c + 44 + 28. Let p = c - -36. What is the units digit of p?
2
Let n = 130 - -62. What is the hundreds digit of n?
1
Let q be 0/(1*(-2 + 1)). Suppose 3*j + g - 8 = q, 2*j = 2*g + 10 + 6. Suppose -j - 8 = -2*f. What is the units digit of f?
6
Let c(m) = -m**3 - 2*m**2 + 3*m - 3. Let p be c(-3). Let w be -5*(8 + 1)/p. Suppose 0*k - w = -3*k. What is the units digit of k?
5
Let j = 5 + -7. What is the units digit of (4 + -10)/(3/j)?
4
Let j(k) = -k**2 - k - 1. Let g(h) = -6*h**2 + h - 7. Let c(f) = g(f) - 5*j(f). Le